hat is the remainder when 92 is divided by 80?
12
Calculate the remainder when 949 is divided by 30.
19
Calculate the remainder when 2094 is divided by 37.
22
What is the remainder when 506 is divided by 98?
16
Calculate the remainder when 36 is divided by 17.
2
What is the remainder when 6339 is divided by 14?
11
Calculate the remainder when 77 is divided by 12.
5
Calculate the remainder when 838 is divided by 15.
13
Calculate the remainder when 1062 is divided by 26.
22
What is the remainder when 117 is divided by 18?
9
What is the remainder when 1098 is divided by 358?
24
What is the remainder when 1697 is divided by 289?
252
What is the remainder when 341 is divided by 81?
17
What is the remainder when 248 is divided by 46?
18
What is the remainder when 544 is divided by 14?
12
What is the remainder when 1240 is divided by 14?
8
What is the remainder when 32911 is divided by 26?
21
What is the remainder when 6785 is divided by 18?
17
What is the remainder when 597 is divided by 25?
22
Calculate the remainder when 4887 is divided by 188.
187
Calculate the remainder when 3460 is divided by 105.
100
What is the remainder when 1574 is divided by 785?
4
Calculate the remainder when 166 is divided by 7.
5
Calculate the remainder when 12579 is divided by 27.
24
Calculate the remainder when 265 is divided by 146.
119
What is the remainder when 2212 is divided by 41?
39
Calculate the remainder when 60 is divided by 14.
4
Calculate the remainder when 198 is divided by 179.
19
What is the remainder when 731 is divided by 117?
29
What is the remainder when 641 is divided by 157?
13
What is the remainder when 249 is divided by 193?
56
Calculate the remainder when 962 is divided by 7.
3
What is the remainder when 3181 is divided by 110?
101
What is the remainder when 241 is divided by 27?
25
Calculate the remainder when 11064 is divided by 22.
20
What is the remainder when 537 is divided by 146?
99
Calculate the remainder when 9 is divided by 7.
2
Calculate the remainder when 164 is divided by 33.
32
Calculate the remainder when 10486 is divided by 17.
14
Calculate the remainder when 229 is divided by 21.
19
What is the remainder when 239 is divided by 22?
19
Calculate the remainder when 3198 is divided by 38.
6
Calculate the remainder when 510 is divided by 47.
40
What is the remainder when 260 is divided by 71?
47
What is the remainder when 944 is divided by 11?
9
Calculate the remainder when 446 is divided by 390.
56
Calculate the remainder when 128 is divided by 60.
8
What is the remainder when 55 is divided by 49?
6
What is the remainder when 62 is divided by 22?
18
Calculate the remainder when 689 is divided by 194.
107
Calculate the remainder when 3587 is divided by 39.
38
What is the remainder when 563 is divided by 135?
23
Calculate the remainder when 68 is divided by 31.
6
Calculate the remainder when 733 is divided by 21.
19
What is the remainder when 518 is divided by 40?
38
Calculate the remainder when 39 is divided by 26.
13
Calculate the remainder when 205 is divided by 26.
23
What is the remainder when 29 is divided by 15?
14
Calculate the remainder when 126 is divided by 26.
22
Calculate the remainder when 24251 is divided by 307.
305
Calculate the remainder when 1619 is divided by 81.
80
What is the remainder when 1062 is divided by 77?
61
Calculate the remainder when 298 is divided by 40.
18
What is the remainder when 26 is divided by 13?
0
Calculate the remainder when 24884 is divided by 23.
21
Calculate the remainder when 423 is divided by 124.
51
What is the remainder when 168 is divided by 13?
12
What is the remainder when 10 is divided by 8?
2
Calculate the remainder when 354 is divided by 83.
22
Calculate the remainder when 68 is divided by 18.
14
Calculate the remainder when 167 is divided by 54.
5
What is the remainder when 324 is divided by 106?
6
Calculate the remainder when 255 is divided by 65.
60
What is the remainder when 4136 is divided by 148?
140
Calculate the remainder when 877 is divided by 2.
1
Calculate the remainder when 259 is divided by 67.
58
What is the remainder when 13 is divided by 8?
5
What is the remainder when 250 is divided by 6?
4
What is the remainder when 542 is divided by 14?
10
Calculate the remainder when 615 is divided by 226.
163
What is the remainder when 3457 is divided by 15?
7
Calculate the remainder when 1522 is divided by 32.
18
Calculate the remainder when 61 is divided by 34.
27
What is the remainder when 471 is divided by 159?
153
Calculate the remainder when 19875 is divided by 14.
9
Calculate the remainder when 229 is divided by 5.
4
What is the remainder when 103 is divided by 18?
13
What is the remainder when 632 is divided by 75?
32
What is the remainder when 54 is divided by 11?
10
What is the remainder when 541 is divided by 21?
16
Calculate the remainder when 2265 is divided by 99.
87
What is the remainder when 2364 is divided by 9?
6
What is the remainder when 54611 is divided by 13?
11
What is the remainder when 68 is divided by 18?
14
What is the remainder when 1542 is divided by 62?
54
Calculate the remainder when 183 is divided by 15.
3
What is the remainder when 9 is divided by 4?
1
Calculate the remainder when 120 is divided by 38.
6
Calculate the remainder when 20 is divided by 3.
2
What is the remainder when 227 is divided by 10?
7
What is the remainder when 782 is divided by 29?
28
What is the remainder when 47 is divided by 8?
7
Calculate the remainder when 547 is divided by 270.
7
What is the remainder when 526 is divided by 90?
76
Calculate the remainder when 18812 is divided by 98.
94
What is the remainder when 4336 is divided by 140?
136
Calculate the remainder when 57 is divided by 45.
12
What is the remainder when 10957 is divided by 80?
77
What is the remainder when 32 is divided by 26?
6
Calculate the remainder when 51 is divided by 28.
23
What is the remainder when 9596 is divided by 331?
328
What is the remainder when 83 is divided by 5?
3
What is the remainder when 75 is divided by 40?
35
What is the remainder when 4212 is divided by 11?
10
Calculate the remainder when 16847 is divided by 36.
35
What is the remainder when 887 is divided by 265?
92
Calculate the remainder when 5057 is divided by 9.
8
Calculate the remainder when 2232 is divided by 737.
21
Calculate the remainder when 163 is divided by 153.
10
Calculate the remainder when 203 is divided by 38.
13
Calculate the remainder when 236 is divided by 120.
116
Calculate the remainder when 741 is divided by 150.
141
What is the remainder when 372 is divided by 11?
9
Calculate the remainder when 268 is divided by 83.
19
Calculate the remainder when 66 is divided by 1.
0
What is the remainder when 39627 is divided by 23?
21
What is the remainder when 116 is divided by 17?
14
Calculate the remainder when 487 is divided by 49.
46
Calculate the remainder when 508 is divided by 64.
60
Calculate the remainder when 34 is divided by 13.
8
What is the remainder when 411 is divided by 153?
105
Calculate the remainder when 99 is divided by 17.
14
What is the remainder when 439 is divided by 49?
47
Calculate the remainder when 411 is divided by 22.
15
Calculate the remainder when 18129 is divided by 14.
13
Calculate the remainder when 200 is divided by 17.
13
Calculate the remainder when 57 is divided by 12.
9
What is the remainder when 895 is divided by 227?
214
Calculate the remainder when 54 is divided by 7.
5
What is the remainder when 1037 is divided by 5?
2
What is the remainder when 32 is divided by 6?
2
Calculate the remainder when 824 is divided by 406.
12
Calculate the remainder when 322 is divided by 3.
1
What is the remainder when 1180 is divided by 32?
28
What is the remainder when 192 is divided by 15?
12
What is the remainder when 344 is divided by 23?
22
Calculate the remainder when 2751 is divided by 912.
15
What is the remainder when 366 is divided by 70?
16
What is the remainder when 4555 is divided by 49?
47
Calculate the remainder when 21 is divided by 7.
0
What is the remainder when 89 is divided by 15?
14
Calculate the remainder when 4318 is divided by 12.
10
Calculate the remainder when 310 is divided by 58.
20
Calculate the remainder when 419 is divided by 21.
20
What is the remainder